65496401 a composite number?
True
Is 190356134079 prime?
False
Is 1103281279 composite?
False
Is 19668499 a composite number?
False
Is 4571457937 a prime number?
True
Is 4635729631 composite?
True
Is 134560037767 composite?
True
Is 824762827 a prime number?
False
Is 3148149967 a prime number?
False
Is 69625045661 prime?
True
Is 637714477 a prime number?
True
Is 2782275521 a composite number?
False
Is 1498815191 composite?
True
Is 44613849001 prime?
False
Is 89549574047 composite?
True
Is 27554026867 a prime number?
False
Is 540177989077 a prime number?
True
Is 1302785459 a composite number?
False
Is 15875561149 a composite number?
True
Is 32444731765 a prime number?
False
Is 36383761 a prime number?
False
Is 4574603689 a composite number?
True
Is 871438991 composite?
False
Is 3635178721 composite?
False
Is 3238396489 a composite number?
False
Is 15518904893 a composite number?
True
Is 4889690023 composite?
False
Is 5822598251 composite?
True
Is 183974875883 prime?
False
Is 70781992637 composite?
False
Is 1118213098 prime?
False
Is 2118071119 a composite number?
False
Is 4157309333 a composite number?
False
Is 301893122 a prime number?
False
Is 188078027 a prime number?
True
Is 16763926561 a composite number?
True
Is 6646134983 a prime number?
True
Is 13748631069 a prime number?
False
Is 138208320397 composite?
True
Is 232966291 prime?
True
Is 157410358459 a composite number?
True
Is 45231251507 a composite number?
True
Is 334977983 a prime number?
False
Is 2485203118 a composite number?
True
Is 3531802595 composite?
True
Is 766565057 a prime number?
True
Is 5324254847 a prime number?
True
Is 51430051879 a composite number?
True
Is 2997373723 composite?
True
Is 900734837 a prime number?
False
Is 9484306807 prime?
True
Is 1279712649 a prime number?
False
Is 10589555023 composite?
False
Is 59781551 a composite number?
False
Is 3953932649 prime?
True
Is 85520951 prime?
False
Is 241971733 prime?
False
Is 263666903 a composite number?
False
Is 1053731851 a prime number?
True
Is 20074403143 prime?
False
Is 9548852407 a prime number?
False
Is 510905981 composite?
True
Is 3406632305 composite?
True
Is 33272342099 composite?
True
Is 867496753 a composite number?
False
Is 495387013 composite?
True
Is 771027793 a prime number?
False
Is 9993394087 a composite number?
True
Is 432526511 prime?
True
Is 119948637007 a prime number?
True
Is 2005536857 composite?
True
Is 115333342247 a composite number?
False
Is 13952221 a composite number?
True
Is 2258990393 composite?
True
Is 4907793409 composite?
True
Is 15016666541 composite?
False
Is 76464961 a composite number?
True
Is 3278086813 a composite number?
True
Is 4637451769 a prime number?
True
Is 8366432291 a composite number?
True
Is 1965414821 composite?
False
Is 1727679761 a prime number?
True
Is 41144675771 a prime number?
True
Is 237838673 a prime number?
False
Is 1175054341 a prime number?
False
Is 29671917629 composite?
True
Is 11849641667 a composite number?
False
Is 1086273781 a prime number?
True
Is 12720325229 a prime number?
True
Is 226378769 composite?
False
Is 250595941 a composite number?
False
Is 94494486887 a composite number?
True
Is 207173171 a composite number?
False
Is 181952147303 a composite number?
True
Is 53995624429 a prime number?
False
Is 111359117 prime?
False
Is 48569736403 a composite number?
False
Is 135380093591 composite?
False
Is 3938010413 composite?
False
Is 292974797 a composite number?
False
Is 2268472277 composite?
False
Is 10448881 a composite number?
False
Is 12096269819 a prime number?
True
Is 30409950581 a composite number?
False
Is 140763017 composite?
False
Is 40233526313 a prime number?
True
Is 28489883 prime?
False
Is 21776891 a composite number?
False
Is 1076933351 prime?
False
Is 5545104497 a prime number?
True
Is 786448459 prime?
False
Is 2974143521 a prime number?
True
Is 15348851341 prime?
True
Is 44119883611 prime?
True
Is 5670829601 prime?
True
Is 1912471229 a composite number?
True
Is 90846521573 a composite number?
True
Is 105032199533 composite?
True
Is 13383401123 a composite number?
False
Is 26914003933 a prime number?
True
Is 135850281893 a composite number?
True
Is 98034647 composite?
True
Is 4475551253 a composite number?
True
Is 17299584563 a composite number?
True
Is 2327468807 composite?
True
Is 1810143817 prime?
True
Is 3628601843 a prime number?
False
Is 40951099463 a composite number?
True
Is 13652896742 a composite number?
True
Is 13478490073 prime?
False
Is 48785345731 a prime number?
True
Is 15055431161 a composite number?
True
Is 979589497 composite?
True
Is 15154655 a composite number?
True
Is 630976261 a prime number?
True
Is 3426464329 prime?
False
Is 4832075747 composite?
False
Is 1900210231 a composite number?
True
Is 72696693233 prime?
False
Is 1026020887 a composite number?
False
Is 397568741 a composite number?
True
Is 22018879199 a prime number?
True
Is 53138388569 a composite number?
True
Is 9377721937 a composite number?
False
Is 25829033551 composite?
False
Is 2909868587 a composite number?
False
Is 2023402627 a prime number?
True
Is 188254019 composite?
True
Is 59641467923 prime?
False
Is 76985855201 a prime number?
False
Is 1152429841 a composite number?
False
Is 4616787481 a composite number?
True
Is 5373250849 prime?
True
Is 13610224821 a prime number?
False
Is 442799317321 a composite number?
True
Is 4362701833 prime?
False
Is 9074872559 a composite number?
False
Is 19888291727 prime?
False
Is 7188886207 prime?
True
Is 320452213 prime?
True
Is 6131303051 prime?
False
Is 122094517 prime?
False
Is 4587969599 a prime number?
True
Is 206760571 a prime number?
True
Is 21044515799 a prime number?
True
Is 770231737 a composite number?
True
Is 4663539997 composite?
False
Is 8563472761 a composite number?
True
Is 9981916507 a prime number?
True
Is 35925897461 prime?
True
Is 107644460549 a prime number?
True
Is 43425747433 prime?
False
Is 76467573389 a composite number?
False
Is 5961716737 a composite number?
False
Is 2183797571 composite?
False
Is 12082457 a prime number?
False
Is 480025987 a composite number?
True
Is 875782847 prime?
True
Is 767825959 composite?
False
Is 3933520583 composite?
True
Is 57505606833 a prime number?
False
Is 9985298839 a composite number?
False
Is 247955689 composite?
True
Is 2855319647 a prime number?
True
Is 1339579643 a composite number?
True
Is 313836011 prime?
True
Is 44973389363 prime?
False
Is 38116665157 a prime number?
False
Is 10537997731 composite?
False
Is 44650842385 a prime number?
False
Is 95618632903 a prime number?
True
Is 31586227193 a prime number?
True
Is 1169075393 a prime number?
False
Is 138904937153 prime?
True
Is 851514143 a composite number?
True
Is 91232929 prime?
True
Is 632455231 a composite number?
False
Is 4635307343 a composite number?
False
Is 11312924489 a composite number?
False
Is 380134819 a composite number?
False
Is 140124403 a prime number?
False
Is 2054588303 composite?
False
Is 3212799661 a prime number?
False
Is 6571723307 prime?
True
Is 294838339 prime?
False
Is 21122603 a composite number?
False
Is 430944161 a prime number?
True
Is 4528665797 a prime number?
False
Is 2908674589 composite?
False
Is 2292013739 a prime number?
False
Is 83777377 a composite number?
True
Is 1061185274 a prime number?
False
Is 4541418223 prime?
False
Is 716221733 a composite number?
False
Is 1173800671 prime?
False
Is 1634913799 prime?
False
Is 823247013 a prime number?
False
Is 4137183249 a prime number?
False
Is 11446868773 composite?
False
Is 72710347 a prime number?
True
Is 1683550541 a composite number?
True
Is 18078769447 prime?
False
Is 4096159891 a prime number?
False
Is 16737860993 a composite number?
True
Is 15480672467 a composite number?
True
Is 115560515323 a prime number?
False
Is 35938300207 a composite number?
True
Is 3854060857 prime?
True
Is 10899846289 a prime number?
True
Is 2217014447 prime?
False
Is 126824969 prime?
True
Is 79973680069 a prime number?
True
Is 21935007481 composite?
False
Is 7976697878 a composite number?
True
Is 128511899 composite?
False
Is 15517404157 a composite number?
True
Is 13562645137 composite?
True
Is 874436767 prime?
True
Is 139026119 a composite number?
True
Is 944615093 a prime number?
True
Is 2115857819 prime?
True
Is 17849